{"id":1391,"date":"2011-07-25T11:33:36","date_gmt":"2011-07-25T14:33:36","guid":{"rendered":"http:\/\/www.rcub.com.br\/rcub\/?page_id=1391"},"modified":"2012-03-24T06:21:34","modified_gmt":"2012-03-24T09:21:34","slug":"portais","status":"publish","type":"page","link":"https:\/\/www.rcub.com.br\/rcub\/ucrania\/portais\/","title":{"rendered":"Portais &#8211; Links"},"content":{"rendered":"<h5>COLE\u00c7\u00c3O DE LINKS<\/h5>\n<p><a href=\"http:\/\/web.ku.edu\/~herron\/eurasia\/ukraine.php#InstitutesandNGOs\">Guide Herik Heron&#8217;s<\/a><br \/>\n<a href=\"http:\/\/www.civilsoc.org\/nisorgs\/ukraine\/ukraine.htm\">Civil Society International<\/a><\/p>\n<h5><span style=\"color: #0000ff;\">PORTAIS<\/span><\/h5>\n<p><a href=\"http:\/\/www.online.com.ua\/\">On line ua<br \/>\n<\/a><a href=\"http:\/\/www.infoukes.com\/\">Infoukes<\/a><br \/>\n<a href=\"http:\/\/www.uaportal.com\/ukr\/\">Uaportal<\/a><br \/>\n<a href=\"http:\/\/ua.proua.com\/\">ProUA<\/a><br \/>\n<a href=\"http:\/\/www.brama.com\/\">Brama Gateway<\/a><br \/>\n<a href=\"http:\/\/www.uazone.net\/\">UaZone<\/a><br \/>\n<a href=\"http:\/\/www.mediaua.com.ua\/\">Mediaua<\/a><\/p>\n<h5><span style=\"color: #0000ff;\">REDES DE INFORMA\u00c7\u00d5ES<\/span><\/h5>\n<p><a href=\"http:\/\/www.ukrinform.com\/eng\/\">Ukrinform<\/a><br \/>\n<a href=\"http:\/\/www.unian.net\/eng\/\">Unian <\/a><br \/>\n<a href=\"http:\/\/www.ukrpohliad.org\/\">Ukrainshka Informatsniva Slushba<\/a><br \/>\n<a href=\"http:\/\/seloukr.narod.ru\/\">Ukrainshke Sel\u00f3<\/a><br \/>\n<a href=\"http:\/\/www.bbc.co.uk\/ukrainian\/index.shtml\">BBC Ukrainian<\/a><br \/>\n<a href=\"http:\/\/en.rian.ru\/\">Ria Novosti<\/a><br \/>\n<a href=\"http:\/\/itar-tass.com\/eng\/\">Itar Tass<\/a><br \/>\n<span style=\"color: #0000ff;\"><a href=\"http:\/\/elvisti.com\/\">Visti<\/a><\/span><\/p>\n<h5><span style=\"color: #0000ff;\">JORNAIS<\/span><\/h5>\n<p><span style=\"color: #0000ff;\"><a href=\"http:\/\/www.gazeta.lviv.ua\/\">Gazeta de Lviv<\/a><br \/>\n<a href=\"http:\/\/www.ukraine-observer.com\/#\">Ukraine Observer<\/a><br \/>\n<a href=\"http:\/\/www.day.kiev.ua\/\">Day ( denh ) <\/a><br \/>\n<a href=\"http:\/\/www.kyivpost.com\/\">Kyiv Post<\/a><br \/>\n<a href=\"http:\/\/www.kyivweekly.com\/\">Kyiv Weekly<\/a><br \/>\n<a href=\"http:\/\/www.ukraine-today.com\/\">Ukraine Today<\/a> <\/span><\/p>\n<h5><span style=\"color: #0000ff;\">REVISTAS<\/span><\/h5>\n<p><a href=\"http:\/\/www.wumag.kiev.ua\/\">Welcome To Ukraine<\/a><br \/>\n<a href=\"http:\/\/www.natali.ua\/\">Natali <\/a><br \/>\n<a href=\"http:\/\/www.borysten.narod.ru\/\">Borysten<\/a><br \/>\n<a href=\"http:\/\/www.edinstvennaya.ua\/\">Edinstven<\/a><\/p>\n<p>&nbsp;<\/p>\n<h5><span style=\"color: #0000ff;\">REVISTAS DE ARTE<\/span><\/h5>\n<p><a href=\"http:\/\/www.folkart.kiev.ua\/\">Folk Art of Ukraine<\/a><br \/>\n<a href=\"http:\/\/www.allculture.com.ua\">Not\u00edcias sobre Cultura Ucraniana<\/a><br \/>\n<a href=\"http:\/\/vyshyvanka.ucoz.ru\/\">Bordados<\/a><\/p>\n<h5><span style=\"color: #0000ff;\">ORGANIZA\u00c7\u00d5ES GOVERNAMENTAIS<\/span><\/h5>\n<p><a href=\"http:\/\/www.president.gov.ua\/\">Presidente da Ucr\u00e2nia<\/a><br \/>\n<a href=\"http:\/\/www.kmu.gov.ua\/control\/\">Governo da Ucr\u00e2nia<\/a><br \/>\n<a href=\"http:\/\/www.kmu.gov.ua\/control\/\">Parlamento &#8211; Verkhovna Rada<\/a><br \/>\n<a href=\"http:\/\/www.cvk.gov.ua\">Tribunal Eleitoral<\/a><br \/>\n<a href=\"http:\/\/www.mfa.gov.ua\">Minist\u00e9rio das Rela\u00e7\u00f5es Exteriores<\/a><br \/>\n<a href=\"http:\/\/www.mincult.gov.ua\">Minist\u00e9rio da Cultura<\/a><br \/>\n<a href=\"http:\/\/www.mon.gov.ua\">Minist\u00e9rio da Educa\u00e7\u00e3o<\/a><\/p>\n<h5>MUSEUS<\/h5>\n<p><a href=\"http:\/\/www.mundm.kiev.ua\/index.html\">Museu Nacional de Artes Decorativas<\/a><\/p>\n<h5>S\u00cdTIOS CULTURAIS<\/h5>\n<p><a href=\"http:\/\/www.castles.com.ua\">Castelos<\/a><\/p>\n<h5>BIBLIOTECAS<\/h5>\n<p><a title=\"Encyclopedia Of Ukraine\" href=\"http:\/\/www.encyclopediaofukraine.com\/\">Enciclop\u00e9dia sobre a Ucr\u00e2nia <\/a>( Em Ingl\u00eas )<\/p>\n<p><a href=\"http:\/\/exlibris.org.ua\/\">Biblioteca Eletr\u00f4nica Ucraniana<\/a><\/p>\n<p><a href=\"http:\/\/etno.uaweb.org\/\">Livros de Etnografia<\/a><\/p>\n<h5>TURISMO<\/h5>\n<p><a href=\"http:\/\/www.ukraine-rus.kiev.ua\/\">Ukraine Rus<\/a><\/p>\n<h5>ORGANIZA\u00c7\u00d5ES CULTURAIS<\/h5>\n<p><a href=\"http:\/\/prosvitjanyn.org.ua\/\">Prosvita<\/a><br \/>\n<a href=\"http:\/\/history.org.ua\/index.php?urlcrnt=LiberUA\/New.php&amp;send_start=0&amp;byNum=1&amp;byAlf=0\">Instituto de Hist\u00f3ria da Ucr\u00e2nia<\/a><\/p>\n<h5>GRUPOS CULTURAIS<\/h5>\n<p><a href=\"http:\/\/www.virsky.com.ua\/\">Virsky<\/a><br \/>\n<a href=\"http:\/\/www.veryovka.kiev.ua\/about_e.html\">Veryovka<\/a><\/p>\n","protected":false},"excerpt":{"rendered":"<p>COLE\u00c7\u00c3O DE LINKS Guide Herik Heron&#8217;s Civil Society International PORTAIS On line ua Infoukes Uaportal ProUA Brama Gateway UaZone Mediaua REDES DE INFORMA\u00c7\u00d5ES Ukrinform Unian Ukrainshka Informatsniva Slushba Ukrainshke Sel\u00f3 [&hellip;]<\/p>\n","protected":false},"author":1,"featured_media":0,"parent":570,"menu_order":0,"comment_status":"closed","ping_status":"closed","template":"","meta":[],"_links":{"self":[{"href":"https:\/\/www.rcub.com.br\/rcub\/wp-json\/wp\/v2\/pages\/1391"}],"collection":[{"href":"https:\/\/www.rcub.com.br\/rcub\/wp-json\/wp\/v2\/pages"}],"about":[{"href":"https:\/\/www.rcub.com.br\/rcub\/wp-json\/wp\/v2\/types\/page"}],"author":[{"embeddable":true,"href":"https:\/\/www.rcub.com.br\/rcub\/wp-json\/wp\/v2\/users\/1"}],"replies":[{"embeddable":true,"href":"https:\/\/www.rcub.com.br\/rcub\/wp-json\/wp\/v2\/comments?post=1391"}],"version-history":[{"count":101,"href":"https:\/\/www.rcub.com.br\/rcub\/wp-json\/wp\/v2\/pages\/1391\/revisions"}],"predecessor-version":[{"id":2549,"href":"https:\/\/www.rcub.com.br\/rcub\/wp-json\/wp\/v2\/pages\/1391\/revisions\/2549"}],"up":[{"embeddable":true,"href":"https:\/\/www.rcub.com.br\/rcub\/wp-json\/wp\/v2\/pages\/570"}],"wp:attachment":[{"href":"https:\/\/www.rcub.com.br\/rcub\/wp-json\/wp\/v2\/media?parent=1391"}],"curies":[{"name":"wp","href":"https:\/\/api.w.org\/{rel}","templated":true}]}}