{"id":937,"date":"2011-05-27T13:53:35","date_gmt":"2011-05-27T16:53:35","guid":{"rendered":"http:\/\/www.rcub.com.br\/rcub\/?page_id=937"},"modified":"2011-05-27T14:12:25","modified_gmt":"2011-05-27T17:12:25","slug":"helena-kolody","status":"publish","type":"page","link":"http:\/\/www.rcub.com.br\/rcub\/cultura\/personalidades\/helena-kolody\/","title":{"rendered":"Helena Kolody"},"content":{"rendered":"<p><a rel=\"lightbox[slb_937]\" href=\"http:\/\/www.rcub.com.br\/rcub\/wp-content\/uploads\/2011\/05\/helena-kolody.jpg\"><img loading=\"lazy\" class=\"alignleft size-full wp-image-938\" title=\"helena kolody\" src=\"http:\/\/www.rcub.com.br\/rcub\/wp-content\/uploads\/2011\/05\/helena-kolody.jpg\" alt=\"\" width=\"225\" height=\"225\" srcset=\"http:\/\/www.rcub.com.br\/rcub\/wp-content\/uploads\/2011\/05\/helena-kolody.jpg 225w, http:\/\/www.rcub.com.br\/rcub\/wp-content\/uploads\/2011\/05\/helena-kolody-150x150.jpg 150w, http:\/\/www.rcub.com.br\/rcub\/wp-content\/uploads\/2011\/05\/helena-kolody-61x61.jpg 61w, http:\/\/www.rcub.com.br\/rcub\/wp-content\/uploads\/2011\/05\/helena-kolody-45x45.jpg 45w, http:\/\/www.rcub.com.br\/rcub\/wp-content\/uploads\/2011\/05\/helena-kolody-109x109.jpg 109w\" sizes=\"(max-width: 225px) 100vw, 225px\" \/><\/a>Nasceu  em Cruz  Machado (PR), em 12 de outubro de 1912, e faleceu em Curitiba  (PR), em 15 de  fevereiro de 2004. Seus pais nasceram na Gal\u00edcia  Oriental, Ucr\u00e2nia, mas se  conheceram no Brasil, onde se casaram em  janeiro de 1912. Passou a maior parte  da inf\u00e2ncia em Tr\u00eas Barras. Foi  professora do ensino m\u00e9dio e inspetora de  escola p\u00fablica. De 1928 a  1931, cursa a Escola Normal Secund\u00e1ria (atual  Instituto de Educa\u00e7\u00e3o do  Paran\u00e1). Consta que foi a primeira mulher a publicar  hai-kais no Brasil  (1941).\u00a0 Foi admirada  por poetas como Carlos Drummond de Andrade e  Paulo Leminski, sendo que, com  esse \u00faltimo, teve uma grande rela\u00e7\u00e3o de  amizade.\u00a0 A partir de 1985, quando recebe o Diploma de  M\u00e9rito Liter\u00e1rio  da Prefeitura de Curitiba, a sua obra passou a ter grande  repercuss\u00e3o  no seu estado e no restante do Pa\u00eds. Em 1988,\u00a0 \u00e9 criado o importante  Concurso Nacional de  Poesia Helena Kolody&#8221;, realizado anualmente pela  Secretaria da Cultura do  Paran\u00e1. Em 1989, o Museu da Imagem e do Som do  Paran\u00e1 grava e publica um seu  depoimento. Em 1991, \u00e9 eleita para a  Academia Paranaense de Letras. Em 1992, o  cineasta Sylvio Back faz\u00a0  filme &#8220;A  Babel de Luz&#8221; em homenageia aos seus 80 anos, tendo recebido o  pr\u00eamio de  melhor curta e melhor montagem, do 25\u00b0 Festival de Bras\u00edlia.  E, 2003, recebe o  t\u00edtulo de &#8220;Doutora Honoris Causa&#8221; pela Universidade  Federal do  Paran\u00e1.<\/p>\n<p>&nbsp;<\/p>\n<p>Fonte: www.releituras.com<\/p>\n","protected":false},"excerpt":{"rendered":"<p>Nasceu em Cruz Machado (PR), em 12 de outubro de 1912, e faleceu em Curitiba (PR), em 15 de fevereiro de 2004. Seus pais nasceram na Gal\u00edcia Oriental, Ucr\u00e2nia, mas [&hellip;]<\/p>\n","protected":false},"author":1,"featured_media":0,"parent":623,"menu_order":0,"comment_status":"open","ping_status":"open","template":"","meta":[],"_links":{"self":[{"href":"http:\/\/www.rcub.com.br\/rcub\/wp-json\/wp\/v2\/pages\/937"}],"collection":[{"href":"http:\/\/www.rcub.com.br\/rcub\/wp-json\/wp\/v2\/pages"}],"about":[{"href":"http:\/\/www.rcub.com.br\/rcub\/wp-json\/wp\/v2\/types\/page"}],"author":[{"embeddable":true,"href":"http:\/\/www.rcub.com.br\/rcub\/wp-json\/wp\/v2\/users\/1"}],"replies":[{"embeddable":true,"href":"http:\/\/www.rcub.com.br\/rcub\/wp-json\/wp\/v2\/comments?post=937"}],"version-history":[{"count":3,"href":"http:\/\/www.rcub.com.br\/rcub\/wp-json\/wp\/v2\/pages\/937\/revisions"}],"predecessor-version":[{"id":940,"href":"http:\/\/www.rcub.com.br\/rcub\/wp-json\/wp\/v2\/pages\/937\/revisions\/940"}],"up":[{"embeddable":true,"href":"http:\/\/www.rcub.com.br\/rcub\/wp-json\/wp\/v2\/pages\/623"}],"wp:attachment":[{"href":"http:\/\/www.rcub.com.br\/rcub\/wp-json\/wp\/v2\/media?parent=937"}],"curies":[{"name":"wp","href":"https:\/\/api.w.org\/{rel}","templated":true}]}}