{"id":929,"date":"2011-05-27T12:57:06","date_gmt":"2011-05-27T15:57:06","guid":{"rendered":"http:\/\/www.rcub.com.br\/rcub\/?page_id=929"},"modified":"2011-05-27T12:57:06","modified_gmt":"2011-05-27T15:57:06","slug":"denise-stoklos","status":"publish","type":"page","link":"http:\/\/www.rcub.com.br\/rcub\/cultura\/personalidades\/denise-stoklos\/","title":{"rendered":"Denise Stoklos"},"content":{"rendered":"<p style=\"text-align: center;\"><a rel=\"lightbox[slb_929]\" href=\"http:\/\/www.rcub.com.br\/rcub\/wp-content\/uploads\/2011\/05\/DeniseStoklos.jpg\"><img loading=\"lazy\" class=\"aligncenter size-large wp-image-930\" title=\"DeniseStoklos\" src=\"http:\/\/www.rcub.com.br\/rcub\/wp-content\/uploads\/2011\/05\/DeniseStoklos-610x415.jpg\" alt=\"\" width=\"427\" height=\"291\" srcset=\"http:\/\/www.rcub.com.br\/rcub\/wp-content\/uploads\/2011\/05\/DeniseStoklos-610x415.jpg 610w, http:\/\/www.rcub.com.br\/rcub\/wp-content\/uploads\/2011\/05\/DeniseStoklos-300x204.jpg 300w, http:\/\/www.rcub.com.br\/rcub\/wp-content\/uploads\/2011\/05\/DeniseStoklos.jpg 640w\" sizes=\"(max-width: 427px) 100vw, 427px\" \/><\/a><\/p>\n<p style=\"text-align: left;\">Denise Stoklos (Irati, Paran\u00e1, 14 de julho de 1950) \u00e9 uma dramaturga, encenadora e atriz brasileira.<\/p>\n<p>Denise come\u00e7ou sua carreira em 1968. Depois de trabalhar no Rio de Janeiro e em S\u00e3o Paulo, mudou-se com seu marido para Londres em 1977, onde ela especializou-se em M\u00edmica e desenvolveu seu estilo pr\u00f3prio de performances solo. No in\u00edcio de 1980, foi para a Calif\u00f3rnia, onde continuou seus estudos e chegou a montar o seu segundo solo (&#8220;Elis Regina&#8221;). Em 1982, fez parte da novela da Rede Bandeirantes, Ninho da serpente. Em 1987, apresentou &#8220;Mary Stuart&#8221; em Nova York, onde, devido ao grande sucesso alcan\u00e7ado, foi convidada a fazer outras duas pe\u00e7as. Em 1993, recebeu o Pr\u00eamio da Funda\u00e7\u00e3o Guggenheim, de Nova York, e publicou o romance &#8220;Amanh\u00e3 ser\u00e1 tarde e depois de amanh\u00e3 nem existe&#8221;, adaptado mais tarde para teatro solo.<\/p>\n<p>Retornou ao Brasil, e apareceu em diversas de suas pr\u00f3prias pe\u00e7as, nas quais ela foi diretora e core\u00f3grafa. Ela passa todo seu conhecimento teatral em workshops. Em 1999 realizou-se um festival na cidade de S\u00e3o Paulo com suas pe\u00e7as.<\/p>\n<p>Denise Stoklos foi a primeira atriz brasileira a se apresentar em Moscou, Pequim e na Ucr\u00e2nia. Ela j\u00e1 representou suas vinte pe\u00e7as em sete idiomas, apresentou-se em trinta pa\u00edses e escreveu sete livros. Em 2000, foi convidada pela Universidade de Nova York para ensinar seu m\u00e9todo teatral &#8220;Teatro Essencial&#8221;, que visa ter em cena o m\u00ednimo poss\u00edvel de efeitos e o m\u00e1ximo de teatralidade.<\/p>\n<p>&nbsp;<\/p>\n<p>Fonte: Wikipedia<\/p>\n","protected":false},"excerpt":{"rendered":"<p>Denise Stoklos (Irati, Paran\u00e1, 14 de julho de 1950) \u00e9 uma dramaturga, encenadora e atriz brasileira. Denise come\u00e7ou sua carreira em 1968. Depois de trabalhar no Rio de Janeiro e [&hellip;]<\/p>\n","protected":false},"author":1,"featured_media":0,"parent":623,"menu_order":0,"comment_status":"open","ping_status":"open","template":"","meta":[],"_links":{"self":[{"href":"http:\/\/www.rcub.com.br\/rcub\/wp-json\/wp\/v2\/pages\/929"}],"collection":[{"href":"http:\/\/www.rcub.com.br\/rcub\/wp-json\/wp\/v2\/pages"}],"about":[{"href":"http:\/\/www.rcub.com.br\/rcub\/wp-json\/wp\/v2\/types\/page"}],"author":[{"embeddable":true,"href":"http:\/\/www.rcub.com.br\/rcub\/wp-json\/wp\/v2\/users\/1"}],"replies":[{"embeddable":true,"href":"http:\/\/www.rcub.com.br\/rcub\/wp-json\/wp\/v2\/comments?post=929"}],"version-history":[{"count":2,"href":"http:\/\/www.rcub.com.br\/rcub\/wp-json\/wp\/v2\/pages\/929\/revisions"}],"predecessor-version":[{"id":932,"href":"http:\/\/www.rcub.com.br\/rcub\/wp-json\/wp\/v2\/pages\/929\/revisions\/932"}],"up":[{"embeddable":true,"href":"http:\/\/www.rcub.com.br\/rcub\/wp-json\/wp\/v2\/pages\/623"}],"wp:attachment":[{"href":"http:\/\/www.rcub.com.br\/rcub\/wp-json\/wp\/v2\/media?parent=929"}],"curies":[{"name":"wp","href":"https:\/\/api.w.org\/{rel}","templated":true}]}}