{"id":615,"date":"2011-05-16T16:04:06","date_gmt":"2011-05-16T19:04:06","guid":{"rendered":"http:\/\/www.rcub.com.br\/rcub\/?page_id=615"},"modified":"2011-07-28T00:18:08","modified_gmt":"2011-07-28T03:18:08","slug":"museus","status":"publish","type":"page","link":"http:\/\/www.rcub.com.br\/rcub\/cultura\/museus\/","title":{"rendered":"Museus"},"content":{"rendered":"<h2>Museu Ucraniano de Curitiba (Muc)<\/h2>\n<p><a rel=\"lightbox[slb_615]\" href=\"http:\/\/www.rcub.com.br\/rcub\/wp-content\/uploads\/2011\/05\/202.jpg\"><img loading=\"lazy\" class=\"alignleft size-medium wp-image-1596\" title=\"202\" src=\"http:\/\/www.rcub.com.br\/rcub\/wp-content\/uploads\/2011\/05\/202-300x225.jpg\" alt=\"\" width=\"300\" height=\"225\" srcset=\"http:\/\/www.rcub.com.br\/rcub\/wp-content\/uploads\/2011\/05\/202-300x225.jpg 300w, http:\/\/www.rcub.com.br\/rcub\/wp-content\/uploads\/2011\/05\/202-610x457.jpg 610w, http:\/\/www.rcub.com.br\/rcub\/wp-content\/uploads\/2011\/05\/202.jpg 640w\" sizes=\"(max-width: 300px) 100vw, 300px\" \/><\/a>O Museu \u00e9 mantido por volunt\u00e1rios, e hoje ocupa tr\u00eas salas da SUBRAS. O acervo \u00e9 composto por bens culturais, como indument\u00e1rias t\u00edpicas, mobili\u00e1rio, instrumentos musicais, utens\u00edlios dom\u00e9sticos, medalhas e fotos. Al\u00e9m disso, fotos e documentos contam a hist\u00f3ria da imigra\u00e7\u00e3o ucraniana, em especial, no Paran\u00e1. As pe\u00e7as foram doadas por ucranianos e seus descendentes.<\/p>\n<p>Alameda Augusto Stellfeld, 795 (junto \u00e0 Sociedade Ucraniana do Brasil)(41) 3224-5597<a rel=\"lightbox[slb_615]\" href=\"http:\/\/www.rcub.com.br\/rcub\/wp-content\/uploads\/2011\/05\/memorial-da-ucrania-2.jpg\"><img loading=\"lazy\" class=\"alignright size-medium wp-image-1073\" title=\"memorial da ucrania 2\" src=\"http:\/\/www.rcub.com.br\/rcub\/wp-content\/uploads\/2011\/05\/memorial-da-ucrania-2-300x225.jpg\" alt=\"\" width=\"300\" height=\"225\" srcset=\"http:\/\/www.rcub.com.br\/rcub\/wp-content\/uploads\/2011\/05\/memorial-da-ucrania-2-300x225.jpg 300w, http:\/\/www.rcub.com.br\/rcub\/wp-content\/uploads\/2011\/05\/memorial-da-ucrania-2-610x457.jpg 610w, http:\/\/www.rcub.com.br\/rcub\/wp-content\/uploads\/2011\/05\/memorial-da-ucrania-2.jpg 640w\" sizes=\"(max-width: 300px) 100vw, 300px\" \/><\/a><\/p>\n<h2>Memorial Ucraniano<\/h2>\n<p>O Memorial Ucraniano foi fundado em 1995, em homenagem aos 100 anos da Imigra\u00e7\u00e3o Ucraniana. O memorial \u00e9 composto por uma r\u00e9plica da Igreja de S\u00e3o Miguel Arcanjo, de Mallet. Tamb\u00e9m fazem parte do memorial, o Museu do \u00cdcone e da P\u00eassanka, que abriga acervo de artesanato t\u00edpico ucraniano.<\/p>\n<ul>\n<li><strong> <\/strong>R. Dr. Mb\u00e1 de Ferrante, 1116, Santa Felicidade, Curitiba (Parque Tingui)<\/li>\n<li>(41) 3240-1103<\/li>\n<\/ul>\n<p>&nbsp;<\/p>\n<h2>Museu do Mil\u00eanio &#8211; Prudent\u00f3polis\u00a0 &#8211; PR<\/h2>\n<p>Rua C\u00e2ndido Abreu, s\/n<br \/>\nPrudent\u00f3polis &#8211; PR<br \/>\nTel: (42) 3446-3327<\/p>\n<p><a rel=\"lightbox[slb_615]\" href=\"http:\/\/www.rcub.com.br\/rcub\/wp-content\/uploads\/2011\/05\/museu-prudent\u00f3polis.jpg\"><img loading=\"lazy\" class=\"alignright size-full wp-image-1468\" title=\"museu prudent\u00f3polis\" src=\"http:\/\/www.rcub.com.br\/rcub\/wp-content\/uploads\/2011\/05\/museu-prudent\u00f3polis.jpg\" alt=\"\" width=\"255\" height=\"186\" srcset=\"http:\/\/www.rcub.com.br\/rcub\/wp-content\/uploads\/2011\/05\/museu-prudent\u00f3polis.jpg 255w, http:\/\/www.rcub.com.br\/rcub\/wp-content\/uploads\/2011\/05\/museu-prudent\u00f3polis-130x94.jpg 130w\" sizes=\"(max-width: 255px) 100vw, 255px\" \/><\/a><br \/>\nO Museu do Mil\u00eanio foi inaugurado em 1995. \u00c9 um museu com caracter\u00edstica hist\u00f3rico-cultural-religiosa da comunidade paroquial S\u00e3o Josafat. Seu acervo re\u00fane objetos de trabalho e do cotidiano dos imigrantes ucranianos e seus descendentes, radicados em Prudent\u00f3polis, a partir do final do s\u00e9culo XIX, procedentes da regi\u00e3o da Gal\u00edcia, antes da I Guerra Mundial. Retrata aspectos hist\u00f3ricos da coloniza\u00e7\u00e3o, vida e costumes do povo ucraniano. Tamb\u00e9m conta com uma sala dedicada ao poeta Tar\u00e1s Chewtchenko e lembran\u00e7as da Ucr\u00e2nia: mapas, retratos, trajes, bordados, hinos, trabalhos artesanais em madeira, cer\u00e2mica, tecelagem, etc.<\/p>\n","protected":false},"excerpt":{"rendered":"<p>Museu Ucraniano de Curitiba (Muc) O Museu \u00e9 mantido por volunt\u00e1rios, e hoje ocupa tr\u00eas salas da SUBRAS. O acervo \u00e9 composto por bens culturais, como indument\u00e1rias t\u00edpicas, mobili\u00e1rio, instrumentos [&hellip;]<\/p>\n","protected":false},"author":1,"featured_media":0,"parent":572,"menu_order":0,"comment_status":"closed","ping_status":"open","template":"","meta":[],"_links":{"self":[{"href":"http:\/\/www.rcub.com.br\/rcub\/wp-json\/wp\/v2\/pages\/615"}],"collection":[{"href":"http:\/\/www.rcub.com.br\/rcub\/wp-json\/wp\/v2\/pages"}],"about":[{"href":"http:\/\/www.rcub.com.br\/rcub\/wp-json\/wp\/v2\/types\/page"}],"author":[{"embeddable":true,"href":"http:\/\/www.rcub.com.br\/rcub\/wp-json\/wp\/v2\/users\/1"}],"replies":[{"embeddable":true,"href":"http:\/\/www.rcub.com.br\/rcub\/wp-json\/wp\/v2\/comments?post=615"}],"version-history":[{"count":30,"href":"http:\/\/www.rcub.com.br\/rcub\/wp-json\/wp\/v2\/pages\/615\/revisions"}],"predecessor-version":[{"id":1043,"href":"http:\/\/www.rcub.com.br\/rcub\/wp-json\/wp\/v2\/pages\/615\/revisions\/1043"}],"up":[{"embeddable":true,"href":"http:\/\/www.rcub.com.br\/rcub\/wp-json\/wp\/v2\/pages\/572"}],"wp:attachment":[{"href":"http:\/\/www.rcub.com.br\/rcub\/wp-json\/wp\/v2\/media?parent=615"}],"curies":[{"name":"wp","href":"https:\/\/api.w.org\/{rel}","templated":true}]}}